 111118 and 14?
14
Calculate the greatest common factor of 130 and 81250.
130
What is the greatest common divisor of 285 and 447621?
57
What is the highest common factor of 2617578 and 1116?
558
What is the greatest common factor of 47 and 129062?
47
Calculate the greatest common divisor of 25 and 479695.
5
Calculate the highest common factor of 728 and 144508.
364
What is the highest common factor of 730 and 1660?
10
Calculate the highest common divisor of 22997 and 30537.
377
What is the greatest common factor of 559504 and 1224?
136
Calculate the greatest common factor of 1400 and 5240.
40
What is the greatest common factor of 73 and 244258?
73
What is the highest common factor of 37622 and 117?
13
What is the greatest common divisor of 2587160 and 120?
40
Calculate the greatest common divisor of 801 and 7921.
89
Calculate the highest common factor of 3405 and 255.
15
What is the highest common divisor of 267 and 103507?
89
Calculate the highest common divisor of 1343 and 83819.
79
Calculate the highest common factor of 226211 and 94.
47
What is the greatest common divisor of 18 and 593976?
6
What is the greatest common divisor of 42823 and 884?
17
Calculate the highest common divisor of 8 and 487032.
8
Calculate the highest common factor of 1537 and 4524.
29
Calculate the highest common divisor of 424732 and 2364.
788
Calculate the greatest common divisor of 175 and 105420.
35
What is the greatest common divisor of 115071 and 847?
121
Calculate the highest common factor of 105 and 187488.
21
What is the highest common divisor of 1504 and 1376?
32
What is the highest common factor of 17352 and 85314?
1446
Calculate the highest common factor of 138 and 436287.
69
What is the highest common divisor of 10510613 and 73?
73
What is the highest common factor of 2945 and 4960?
155
What is the greatest common factor of 25 and 627450?
25
Calculate the highest common factor of 660 and 30930.
30
What is the highest common divisor of 631494 and 126?
18
What is the highest common factor of 72596 and 24?
4
What is the greatest common factor of 3772 and 6068?
164
Calculate the highest common divisor of 11782 and 21646.
274
What is the greatest common divisor of 598 and 24242?
46
What is the highest common factor of 5832 and 78?
6
What is the highest common factor of 6300 and 114600?
300
What is the highest common factor of 240 and 27648?
48
Calculate the greatest common factor of 161 and 1909.
23
What is the highest common factor of 131786 and 524?
262
What is the greatest common divisor of 425088 and 2048?
128
What is the greatest common factor of 4365 and 4695?
15
What is the greatest common factor of 6848 and 10048?
64
What is the greatest common factor of 4625 and 9990?
185
What is the highest common divisor of 310680 and 30?
30
What is the greatest common factor of 131957 and 49?
49
What is the greatest common divisor of 26378 and 1744?
218
Calculate the greatest common divisor of 1520 and 3856.
16
Calculate the highest common divisor of 4224 and 7309632.
2112
Calculate the greatest common factor of 1122 and 1045143.
561
Calculate the highest common divisor of 75924 and 4536.
108
What is the highest common divisor of 336 and 72261?
21
What is the greatest common factor of 461624 and 57?
19
Calculate the greatest common divisor of 623 and 1407.
7
Calculate the highest common factor of 10690 and 5.
5
What is the highest common factor of 1542 and 1407332?
514
Calculate the highest common factor of 12 and 4029396.
12
What is the greatest common factor of 198 and 34992?
18
Calculate the highest common factor of 108 and 19112.
4
Calculate the greatest common divisor of 233577 and 83025.
1107
Calculate the highest common factor of 125373 and 138.
69
Calculate the highest common factor of 86177 and 546.
91
What is the greatest common factor of 1004 and 569017?
251
What is the highest common factor of 972 and 179577?
243
What is the highest common factor of 39104 and 52?
52
What is the highest common factor of 436 and 3365702?
218
Calculate the greatest common factor of 337088 and 1104.
368
What is the greatest common factor of 4508 and 524?
4
Calculate the greatest common divisor of 80080 and 4.
4
What is the greatest common factor of 44 and 5117530?
22
What is the greatest common divisor of 44 and 243881?
11
Calculate the highest common divisor of 90 and 78590.
10
Calculate the highest common divisor of 39598 and 3146.
26
What is the highest common factor of 355439 and 7?
7
Calculate the highest common divisor of 69085 and 9635.
205
Calculate the greatest common divisor of 679650 and 6.
6
Calculate the highest common divisor of 1010 and 3070.
10
Calculate the greatest common divisor of 9196 and 27709.
121
What is the greatest common divisor of 6336 and 86724?
396
Calculate the highest common divisor of 124146 and 42066.
1026
What is the greatest common divisor of 4332 and 5148?
12
What is the highest common factor of 240 and 85890?
30
What is the highest common divisor of 172 and 167958?
86
Calculate the highest common divisor of 47208 and 1405.
281
Calculate the highest common divisor of 2936 and 7984.
8
Calculate the highest common factor of 180 and 204210.
90
Calculate the greatest common factor of 2255 and 11726.
451
What is the highest common factor of 12 and 757728?
12
What is the greatest common divisor of 2162 and 1127?
23
What is the highest common factor of 22410 and 990?
90
Calculate the highest common factor of 14043 and 21576.
93
What is the highest common divisor of 655210 and 170?
10
Calculate the highest common divisor of 1778 and 660527.
889
Calculate the greatest common divisor of 1269 and 3240.
27
What is the greatest common divisor of 7974113 and 763?
763
What is the highest common factor of 195684 and 184?
92
Calculate the greatest common factor of 21442 and 142.
142
What is the greatest common factor of 138 and 24702?
138
What is the highest common factor of 2228004 and 311?
311
Calculate the greatest common divisor of 7686 and 488.
122
What is the highest common factor of 1264 and 523612?
316
Calculate the highest common divisor of 2781 and 162.
27
Calculate the highest common factor of 59 and 6644639.
59
Calculate the highest common divisor of 4080 and 1168240.
1360
Calculate the greatest common divisor of 1477804 and 82.
82
What is the highest common divisor of 1251 and 3439416?
417
What is the highest common factor of 6608 and 9617?
59
What is the greatest common factor of 18762 and 55932?
354
Calculate the highest common factor of 369 and 726069.
123
Calculate the highest common factor of 25 and 1775.
25
Calculate the greatest common divisor of 210 and 42.
42
Calculate the highest common factor of 5522 and 120982.
502
What is the greatest common factor of 829990 and 1420?
710
What is the greatest common factor of 77 and 2412949?
77
What is the highest common factor of 1979247 and 402?
201
What is the greatest common divisor of 385 and 5555?
55
Calculate the highest common factor of 282344 and 29.
29
Calculate the greatest common factor of 109707 and 6177.
87
What is the highest common divisor of 159195 and 15?
15
Calculate the highest common factor of 361 and 1387.
19
What is the greatest common divisor of 908 and 158446?
454
Calculate the highest common factor of 12 and 98.
2
Calculate the greatest common divisor of 6386076 and 6.
6
Calculate the highest common divisor of 5016 and 1824.
456
What is the highest common factor of 4873152 and 34?
34
What is the highest common divisor of 161941 and 13?
13
What is the greatest common factor of 5881537 and 7797?
2599
What is the greatest common divisor of 8806 and 41174?
238
What is the highest common divisor of 2920 and 5240?
40
What is the greatest common divisor of 272 and 37706?
34
Calculate the greatest common factor of 442484 and 28.
28
Calculate the highest common factor of 246 and 48.
6
What is the highest common divisor of 17505 and 19061?
389
Calculate the greatest common divisor of 110940 and 1204.
172
What is the highest common divisor of 31232 and 1708?
244
What is the highest common divisor of 143153 and 5671?
53
What is the highest common factor of 91 and 18681?
13
Calculate the greatest common divisor of 6669 and 6617.
13
What is the highest common divisor of 252 an